t is -41122 (base 5) in base 14?
-d82
Convert -430 (base 14) to base 3.
-1010121
-115 (base 11) to base 7
-254
What is 1807 (base 14) in base 16?
10df
What is -111321 (base 4) in base 12?
-989
Convert 2221002 (base 3) to base 11.
1671
-1380 (base 10) to base 14
-708
31110 (base 4) to base 12
5b0
What is 214224 (base 5) in base 6?
54235
Convert -10012 (base 5) to base 4.
-21320
What is -3332 (base 4) in base 7?
-512
Convert 1288 (base 9) to base 15.
44b
-1110011100000 (base 2) to base 16
-1ce0
Convert -10000010011100 (base 2) to base 5.
-231343
What is -288 (base 15) in base 7?
-1454
What is -136 (base 16) in base 5?
-2220
Convert 510 (base 10) to base 14.
286
Convert d6b (base 16) to base 14.
1375
What is 3501 (base 15) in base 11?
84a9
What is -10eb3 (base 15) in base 10?
-53943
What is -22211220 (base 3) in base 5?
-201300
What is 27706 (base 13) in base 9?
122067
1388 (base 16) to base 6
35052
What is -2011200 (base 3) in base 4?
-120300
Convert -30022 (base 4) to base 10.
-778
Convert -39a (base 11) to base 9.
-574
Convert -20111 (base 3) to base 13.
-106
153 (base 15) to base 12
213
4331303 (base 5) to base 4
102003201
Convert -1054 (base 11) to base 4.
-111232
51b (base 14) to base 15
470
-27357 (base 8) to base 9
-17430
-5d0 (base 16) to base 6
-10520
What is 41010 (base 6) in base 4?
1110132
Convert 23044 (base 7) to base 4.
1123213
What is -13171 (base 8) in base 4?
-1121321
What is 645 (base 11) in base 5?
11100
Convert 4324 (base 8) to base 11.
1775
Convert -bc0 (base 14) to base 15.
-a4e
-1f3 (base 16) to base 6
-2151
-6568 (base 9) to base 13
-2285
What is -57b7 (base 15) in base 5?
-1043442
-eae (base 16) to base 12
-2212
1675 (base 9) to base 10
1283
What is 2a1 (base 15) in base 16?
259
2671 (base 11) to base 9
4671
-100220313 (base 4) to base 16
-10a37
1529 (base 12) to base 8
4661
Convert 337a (base 11) to base 10.
4443
Convert 1221314 (base 5) to base 3.
1012000020
3141 (base 5) to base 7
1141
What is 420020 (base 5) in base 3?
200212122
32200 (base 5) to base 8
4177
1110110111101 (base 2) to base 13
3608
Convert 113123 (base 4) to base 9.
2045
What is 2817 (base 15) in base 12?
4b64
Convert 34042 (base 8) to base 13.
6705
Convert 9a0 (base 11) to base 5.
14244
What is 34238 (base 9) in base 10?
22796
What is 3818 (base 10) in base 3?
12020102
13446 (base 7) to base 10
3660
Convert 111b8 (base 14) to base 7.
232021
Convert -501 (base 8) to base 2.
-101000001
What is 22110211 (base 3) in base 4?
1200202
-955 (base 12) to base 10
-1361
-1211111 (base 3) to base 12
-934
What is -1555 (base 6) in base 3?
-120222
-2479 (base 13) to base 16
-1432
What is -10243 (base 6) in base 3?
-1220200
What is 1214 (base 5) in base 7?
352
What is 354 (base 9) in base 14?
16c
1000001011000 (base 2) to base 5
113214
What is 1ac6 (base 14) in base 16?
130e
Convert -13dd (base 16) to base 8.
-11735
What is 233123 (base 4) in base 13?
14c6
Convert 42102 (base 5) to base 6.
20505
What is -21104 (base 6) in base 14?
-1076
Convert 1000100100 (base 2) to base 9.
668
Convert -d30 (base 16) to base 12.
-1b54
What is -27675 (base 8) in base 7?
-50426
Convert 4565 (base 8) to base 9.
3280
Convert 1918 (base 11) to base 2.
100110000111
Convert 905 (base 16) to base 11.
180a
-1a6a (base 14) to base 7
-16663
Convert -6cc3 (base 13) to base 5.
-442434
6b5 (base 14) to base 8
2467
Convert -996 (base 10) to base 14.
-512
Convert 16358 (base 9) to base 5.
324411
What is -252105 (base 6) in base 4?
-11133221
What is 5954 (base 15) in base 4?
10220203
Convert -2417 (base 9) to base 16.
-706
Convert -46824 (base 10) to base 14.
-130c8
-11171 (base 9) to base 3
-101012101
Convert -10545 (base 11) to base 7.
-62410
-28a (base 11) to base 16
-154
Convert -11001121212 (base 3) to base 10.
-79916
What is 424 (base 7) in base 6?
554
Convert -121440 (base 5) to base 16.
-120c
Convert 324524 (base 6) to base 10.
26980
Convert -87 (base 9) to base 7.
-142
Convert -21104 (base 5) to base 15.
-639
137064 (base 8) to base 10
48692
Convert -430153 (base 7) to base 14.
-1d22a
What is -a108 (base 16) in base 15?
-c334
What is 402 (base 7) in base 14?
102
456b (base 16) to base 12
a34b
-11165 (base 10) to base 15
-3495
What is -1011011110000110 (base 2) in base 7?
-253655
2024 (base 5) to base 11
220
-a7 (base 13) to base 5
-1022
What is -1166 (base 12) in base 15?
-8a0
-b08 (base 16) to base 11
-2138
What is 144012 (base 5) in base 15?
1c3c
What is -44 (base 11) in base 16?
-30
Convert 43203 (base 8) to base 6.
215323
-3123 (base 6) to base 16
-2bb
Convert -1d55 (base 14) to base 3.
-21100210
20230 (base 5) to base 9
1721
What is 6e81 (base 16) in base 9?
42722
-110111110000 (base 2) to base 9
-4804
What is 581 (base 14) in base 2?
10001000101
Convert -2b4d (base 14) to base 10.
-7713
What is 880 (base 9) in base 15?
330
Convert 36c5 (base 16) to base 10.
14021
14055 (base 6) to base 15
9b5
302212 (base 4) to base 9
4387
-2456 (base 16) to base 3
-110202112
Convert 51284 (base 9) to base 16.
83ec
What is -102231 (base 5) in base 7?
-13014
-12332212 (base 4) to base 15
-8707
Convert 144356 (base 7) to base 9.
42328
-376 (base 15) to base 13
-486
What is -12 (base 10) in base 4?
-30
Convert 300 (base 5) to base 8.
113
Convert 4000 (base 14) to base 12.
6428
What is -8313 (base 10) in base 5?
-231223
173 (base 9) to base 13
b4
714 (base 8) to base 11
389
What is 158 (base 10) in base 7?
314
Convert -18054 (base 14) to base 2.
-1110110000011010
Convert 654 (base 12) to base 5.
12203
What is 14523 (base 8) in base 3?
22220010
Convert 2005 (base 12) to base 15.
105b
103c7 (base 14) to base 2
1001100100001011
What is 22231 (base 4) in base 14?
36d
Convert -4022 (base 5) to base 13.
-305
What is 22140 (base 7) in base 2?
1010110111101
What is -4963 (base 14) in base 13?
-5ab9
-2730 (base 13) to base 9
-7630
Convert 1001 (base 3) to base 10.
28
What is 1a9 (base 13) in base 8?
464
Convert -434 (base 6) to base 10.
-166
Convert 24116 (base 7) to base 14.
23b6
1a59 (base 11) to base 15
b8a
Convert 12130 (base 4) to base 8.
634
Convert -2120 (base 3) to base 10.
-69
What is -48e (base 15) in base 12?
-722
What is 1011001 (base 3) in base 14?
43c
2424 (base 6) to base 11
499
What is -14 (base 11) in base 15?
-10
Convert 13333233 (base 4) to base 12.
16b53
Convert -32410 (base 6) to base 3.
-20010120
-1ac0 (base 15) to base 7
-22632
What is 30814 (base 11) in base 10?
44906
What is 2ad (base 15) in base 10?
613
21344 (base 7) to base 5
132244
Convert -3100 (base 5) to base 2.
-110010000
Convert -1252 (base 11) to base 4.
-121132
Convert 1403104 (base 5) to base 8.
67561
202041 (base 5) to base 6
50105
Convert -10222332 (base 4) to base 12.
-b0a6
What is 14018 (base 10) in base 2?
11011011000010
824 (base 9) to base 16
29e
What is -1663 (base 11) in base 15?
-96b
What is -3756 (base 13) in base 2?
-1111010100101
-1120102102 (base 3) to base 16
-78ce
What is -13206 (base 7) in base 3?
-11211220
Convert 944 (base 14) to base 2.
11100100000
-1110101110101 (base 2) to base 16
-1d75
48176 (base 10) to base 7
260312
Convert 26642 (base 10) to base 7.
140450
Convert -201013 (base 5) to base 3.
-22202102
What is -2537 (base 10) in base 13?
-1202
-43442 (base 6) to base 9
-8208
Convert 103 (base 14) to base 8.
307
What is 2343 (base 6) in base 15?
27c
Convert c6 (base 15) to base 11.
15a
Convert -21420 (base 7) to base 6.
-40443
Convert -5771 (base 8) to base 13.
-151a
-3560 (base 7) to base 9
-1722
Convert 2359 (base 10) to base 12.
1447
-12475 (base 8) to base 13
-2623
Convert -1101011000 (base 2) to base 14.
-452
What is 202111 (base 3) in base 5?
4203
3011 (base 6) to base 16
28f
What is -31145 (base 6) in base 7?
-15104
536 (base 8) to base 4
11132
-142600 (base 7) to base 4
-12223333
110020 (base 4) to base 3
1202201
Convert -1112 (base 12) to base 10.
-1886
9a6 (base 12) to base 11
1083
What is 103232 (base 5) in base 13?
1815
Convert b3e (base 16) to base 11.
2187
What is -1111122211 (base 3) in base 8?
-71711
What is -80 (base 9) in base 12?
-60
-2210 (base 6) to base 3
-200220
What is -2432 (base 16) in base 9?
-13635
73242 (base 8) to base 3
1112122211
Convert 424 (base 9) to base 15.
181
-121101101 (base 3) to base 9
-17341
8dc4 (base 15) to base 3
1112022011
Convert 1012111120 (base 3) 